{"id":15833,"date":"2024-12-25T17:39:14","date_gmt":"2024-12-25T13:39:14","guid":{"rendered":"https:\/\/acriera.com\/shop\/?post_type=product&#038;p=15833"},"modified":"2026-03-03T18:36:20","modified_gmt":"2026-03-03T14:36:20","slug":"nivella","status":"publish","type":"product","link":"https:\/\/acriera.com\/shop\/product\/nivella\/","title":{"rendered":"Nivella"},"content":{"rendered":"<p><strong>&#8220;Nivella&#8221;<\/strong> \u0259l\u00fczyuyan\u0131 z\u0259riflik v\u0259 praktikliyi birl\u0259\u015fdirir. Onun yar\u0131mdair\u0259vi formas\u0131 dizayna y\u00fcng\u00fcll\u00fck qat\u0131r, taxta \u0259lav\u0259si is\u0259 t\u0259biilik v\u0259 rahatl\u0131q b\u0259x\u015f edir. Kompakt \u00f6l\u00e7\u00fcl\u0259ri ki\u00e7ik hamam otaqlar\u0131 \u00fc\u00e7\u00fcn ideal se\u00e7imdir.<\/p>\n<ul>\n<li><strong>Material:<\/strong> Akril s\u00fcni da\u015f, a\u011fac<\/li>\n<li><strong>Dizayn:<\/strong> Yar\u0131mdair\u0259vi forma, t\u0259bii elementl\u0259r<\/li>\n<li><strong>X\u00fcsusiyy\u0259tl\u0259r:<\/strong> m\u00f6hk\u0259mlik v\u0259 y\u00fcng\u00fcll\u00fck, suya davaml\u0131l\u0131q, y\u00fcks\u0259k istiliy\u0259 davaml\u0131l\u0131q, z\u0259rb\u0259y\u0259 davaml\u0131l\u0131q, gigiyenik x\u00fcsusiyy\u0259tl\u0259r<\/li>\n<\/ul>\n<p><strong>Nivella<\/strong> estetika v\u0259 funksionall\u0131\u011f\u0131 birl\u0259\u015fdir\u0259r\u0259k interyerinizin m\u00fcasir \u00fcslubunu vur\u011fulay\u0131r.<\/p>\n","protected":false},"excerpt":{"rendered":"<p>&#8220;Nivella&#8221; \u0259l\u00fczyuyan\u0131 z\u0259riflik v\u0259 praktikliyi birl\u0259\u015fdirir. Onun yar\u0131mdair\u0259vi formas\u0131 dizayna y\u00fcng\u00fcll\u00fck qat\u0131r, taxta \u0259lav\u0259si is\u0259 t\u0259biilik v\u0259 rahatl\u0131q b\u0259x\u015f edir.<\/p>\n","protected":false},"featured_media":15919,"template":"","meta":[],"product_cat":[121],"product_tag":[311,265,264,338],"class_list":{"0":"post-15833","1":"product","2":"type-product","3":"status-publish","4":"has-post-thumbnail","6":"product_cat-small-washbasins","7":"product_tag-agac","8":"product_tag-akril-das","9":"product_tag-luzyuyan","10":"product_tag-kompakt-dizayn","12":"first","13":"outofstock","14":"shipping-taxable","15":"purchasable","16":"product-type-variable"},"_links":{"self":[{"href":"https:\/\/acriera.com\/shop\/wp-json\/wp\/v2\/product\/15833","targetHints":{"allow":["GET"]}}],"collection":[{"href":"https:\/\/acriera.com\/shop\/wp-json\/wp\/v2\/product"}],"about":[{"href":"https:\/\/acriera.com\/shop\/wp-json\/wp\/v2\/types\/product"}],"version-history":[{"count":5,"href":"https:\/\/acriera.com\/shop\/wp-json\/wp\/v2\/product\/15833\/revisions"}],"predecessor-version":[{"id":16713,"href":"https:\/\/acriera.com\/shop\/wp-json\/wp\/v2\/product\/15833\/revisions\/16713"}],"wp:featuredmedia":[{"embeddable":true,"href":"https:\/\/acriera.com\/shop\/wp-json\/wp\/v2\/media\/15919"}],"wp:attachment":[{"href":"https:\/\/acriera.com\/shop\/wp-json\/wp\/v2\/media?parent=15833"}],"wp:term":[{"taxonomy":"product_cat","embeddable":true,"href":"https:\/\/acriera.com\/shop\/wp-json\/wp\/v2\/product_cat?post=15833"},{"taxonomy":"product_tag","embeddable":true,"href":"https:\/\/acriera.com\/shop\/wp-json\/wp\/v2\/product_tag?post=15833"}],"curies":[{"name":"wp","href":"https:\/\/api.w.org\/{rel}","templated":true}]}}