{"id":15727,"date":"2024-12-25T16:53:14","date_gmt":"2024-12-25T12:53:14","guid":{"rendered":"https:\/\/acriera.com\/shop\/?post_type=product&#038;p=15727"},"modified":"2025-05-16T10:32:28","modified_gmt":"2025-05-16T06:32:28","slug":"gq-24001","status":"publish","type":"product","link":"https:\/\/acriera.com\/shop\/product\/gq-24001\/","title":{"rendered":"Elora"},"content":{"rendered":"<p><strong>Akril s\u00fcni da\u015fdan haz\u0131rlanm\u0131\u015f dib\u00e7\u0259k taxta dayaql\u0131<\/strong><\/p>\n<p>Akril s\u00fcni da\u015fdan (Corian, Hanex v\u0259 dig\u0259r premium markalar) haz\u0131rlanm\u0131\u015f bu z\u0259rif dib\u00e7\u0259k, m\u00fcasir interyeriniz\u0259 m\u00fck\u0259mm\u0259l \u015f\u0259kild\u0259 uy\u011funla\u015facaq. \u018fsas material dayan\u0131ql\u0131\u011f\u0131, n\u0259m\u0259 davaml\u0131l\u0131\u011f\u0131 v\u0259 asan t\u0259mizl\u0259nm\u0259si il\u0259 se\u00e7ilir.<\/p>\n<ul>\n<li><strong>Dib\u00e7\u0259k material\u0131:<\/strong> akril s\u00fcni da\u015f<\/li>\n<li><strong>Dayaq:<\/strong> t\u0259bii a\u011fac<\/li>\n<li><strong>Dizayn:<\/strong> m\u00fcasir v\u0259 klassik interyerl\u0259r\u0259 uy\u011fun minimalist \u00fcslub<\/li>\n<li><strong>\u00dcst\u00fcnl\u00fckl\u0259r:<\/strong> uzun\u00f6m\u00fcrl\u00fcl\u00fck, l\u0259k\u0259 v\u0259 z\u0259d\u0259l\u0259r\u0259 davaml\u0131l\u0131q<\/li>\n<\/ul>\n<p>Orta v\u0259 b\u00f6y\u00fck otaq bitkil\u0259riniz \u00fc\u00e7\u00fcn ideald\u0131r. Bu z\u0259rif aksesuarla m\u0259kan\u0131n\u0131za z\u0259riflik qat\u0131n!<\/p>\n","protected":false},"excerpt":{"rendered":"<p>Akril s\u00fcni da\u015fdan (Corian, Hanex v\u0259 dig\u0259r premium markalar) haz\u0131rlanm\u0131\u015f bu z\u0259rif dib\u00e7\u0259k, m\u00fcasir interyeriniz\u0259 m\u00fck\u0259mm\u0259l \u015f\u0259kild\u0259 uy\u011funla\u015facaq. \u018fsas material dayan\u0131ql\u0131\u011f\u0131, n\u0259m\u0259 davaml\u0131l\u0131\u011f\u0131 v\u0259 asan t\u0259mizl\u0259nm\u0259si il\u0259 se\u00e7ilir.<\/p>\n","protected":false},"featured_media":15728,"template":"","meta":[],"product_cat":[119],"product_tag":[171,170,169],"class_list":{"0":"post-15727","1":"product","2":"type-product","3":"status-publish","4":"has-post-thumbnail","6":"product_cat-flowerpots","7":"product_tag-akrilik","8":"product_tag-dibchek","9":"product_tag-gulqabi","11":"first","12":"instock","13":"shipping-taxable","14":"purchasable","15":"product-type-variable","16":"has-default-attributes"},"_links":{"self":[{"href":"https:\/\/acriera.com\/shop\/wp-json\/wp\/v2\/product\/15727","targetHints":{"allow":["GET"]}}],"collection":[{"href":"https:\/\/acriera.com\/shop\/wp-json\/wp\/v2\/product"}],"about":[{"href":"https:\/\/acriera.com\/shop\/wp-json\/wp\/v2\/types\/product"}],"version-history":[{"count":3,"href":"https:\/\/acriera.com\/shop\/wp-json\/wp\/v2\/product\/15727\/revisions"}],"predecessor-version":[{"id":15841,"href":"https:\/\/acriera.com\/shop\/wp-json\/wp\/v2\/product\/15727\/revisions\/15841"}],"wp:featuredmedia":[{"embeddable":true,"href":"https:\/\/acriera.com\/shop\/wp-json\/wp\/v2\/media\/15728"}],"wp:attachment":[{"href":"https:\/\/acriera.com\/shop\/wp-json\/wp\/v2\/media?parent=15727"}],"wp:term":[{"taxonomy":"product_cat","embeddable":true,"href":"https:\/\/acriera.com\/shop\/wp-json\/wp\/v2\/product_cat?post=15727"},{"taxonomy":"product_tag","embeddable":true,"href":"https:\/\/acriera.com\/shop\/wp-json\/wp\/v2\/product_tag?post=15727"}],"curies":[{"name":"wp","href":"https:\/\/api.w.org\/{rel}","templated":true}]}}